 + 2188 + (-25 - 0) + 2.
-23
What is (-1 - (16 + -4)) + (2 - 26)?
-37
Evaluate (2 - 3 - 5) + (209 + -120 - 95).
-12
1 + -85 - (-50 + 34 + 28)
-96
What is the value of 49 - 4 - (-82 + -58 + 241)?
-56
What is the value of -13 - (-7 - (8 + (59 + -4 - 11)))?
46
What is -29 - (9 + (-27 - 4)) - 22?
-29
Calculate 25 - (-11 + 4) - (20 + 1 + 39 + -49).
21
Evaluate (12 + 11 - (19 - 6) - (4 - -48)) + 6.
-36
49 + 4 - ((0 - -1) + (2 - 1) + -5)
56
What is -37 - ((-67 - (-26 - 2)) + -98)?
100
Calculate (36 - 7 - 37) + (-55 - 2) + 1.
-64
What is 3 + (-2 - 7) - (-12 - -83 - -31)?
-108
Calculate (-28 - (-19 + 3)) + -41 + 15.
-38
Calculate (1172 - 1172) + -1 + (52 - -1) + -46 + 49.
55
Evaluate 2 + -24 - (3 + 7 - (0 - -47)).
15
-33 + (100 - 8) + 0 + -10
49
Evaluate -82 - ((-28 - (-14 + 3)) + 16) - 17.
-98
What is the value of (3 - 5) + 44 - ((8 - (-7 - -4)) + -18)?
49
Calculate 184 + -206 - (0 - 2) - (48 - -2).
-70
Evaluate -10 + 67 + -18 + -3.
36
What is the value of -5 - ((2 - 2) + 6 - (9 - -6 - 38))?
-34
Evaluate 60 + -84 + 26 + -6 + -3 + -47.
-54
-11 + (-122 - -45) + 60
-28
-3704 + 3718 - (4 + -1 - (5 - 1))
15
Evaluate -1 + 25 - (-51 - (25 + -26)).
74
What is the value of -3 + 81 - ((-109 - -37 - -35) + 46)?
69
What is 107 - (3 - (8 - (8 + -6 + 10) - 1))?
99
What is the value of 20 - (23 - -2 - (381 + -362))?
14
Calculate -16 + (-7 - ((-4 - -5 - 10) + -6)) - -46.
38
What is 42 - (6 - (((5 - 2) + 1 - 4) + -4))?
32
Calculate (-2 - -9 - -2) + -2 + 5 + 15.
27
What is -50 + -2 + (71 - 83) + 11 + -2?
-55
(-247 - (-281 + 36)) + (0 - (-43 + 1))
40
Evaluate 2 + -3 - 3 - ((5 - 15) + 1).
5
100 - (6 - 11) - (-350 + 331)
124
What is the value of -30 - (-124 - -81) - 45?
-32
Calculate -97 - -203 - 88 - -76.
94
Evaluate -48 + (59 - 62 - -128).
77
-38 + 90 + -42 - (0 - (-50 + -5))
-45
What is the value of -2 + -1 - (-45 - -82 - (12 + 93))?
65
What is -81 - (4 - (3 + 57))?
-25
What is the value of -33 - (57 - 14 - 1) - 38?
-113
Evaluate 2 + (29 + -13 + -8 - (-35 - 1)).
46
Evaluate 9 + (9 + (-14 - (4 + -9)) + 10 - 19).
0
Calculate -24 + (-10 + -16 - -25) + 123.
98
What is 1 + 0 - 0 - (-66 + -132 + 223)?
-24
Evaluate -17 + 41 + -15 - ((3 - -1) + (37 - -51)).
-83
What is the value of (-1 - 34 - (130 - 156)) + 93?
84
-3 - -1 - (84 + 20 - 156)
50
Evaluate -1416 + 1497 - (5 - 3).
79
Calculate -2 - (-25 + 2 - (-21 + 18 + -10 - -12)).
20
What is 14 + (-4 - -1) - (-45 - -45) - (-20 + -10)?
41
Calculate -1 + -6 - (-133 + (105 - -48)).
-27
(0 + 150 + -4 - (-104 + 106)) + -21
123
Evaluate (-2 - (15 + -11)) + -5 + 34.
23
Evaluate -1018 + 1046 + (-3 - -31) + -4.
52
Evaluate -7 + 1 + -3 + -42 + 80 + -44.
-15
Calculate (-7 - -8 - -44) + -13.
32
What is (31 - 3 - -8) + 89 + -89?
36
Calculate 7 + (-4 - -2) + (-26 - -27) + 6.
12
-16 + -55 + 37 + -2 + -11
-47
Evaluate -3 + 11 - ((4 + 4 - (-19 + -4)) + 10).
-33
Evaluate 4 + (-3 + -5 - (-21 + -7 - 5)).
29
13 + -19 + (-5 - (-12 + 6)) - (6 + 3)
-14
What is the value of -3 + 7 + 5 - (-1 + -12 - -108) - 2?
-88
Calculate -22 + -91 + 198 + -5 + -1 - 9.
70
Calculate -133 + 41 + 79 - (-1 + 19).
-31
(3 - -40) + -18 - -9
34
What is the value of (-10717 - -10718) + ((21 - -4) + 0 - 2)?
24
What is the value of (12 - 26) + -42 - (10 + -2)?
-64
Calculate (6 - 3) + -8 - (-15 + 22 + (-2 - -38)).
-48
What is 36 + -121 + 92 - (36 + 0)?
-29
What is -63 - ((13 - (14 - -1)) + -8 + -2)?
-51
82 + (13 - (-67 - -47 - (-15 + 1)))
101
Evaluate -13 + 3 + 5 + (-186 - -187).
-4
Calculate 28 + -2 + -5 + (-44 - -72).
49
What is 3 - (1 - (-66 - (-6 + -10)) - -8)?
-56
What is -27 - (-17 + -12 + 67 + -27)?
-38
Calculate (171 - (140 + 15)) + 0 + 14 + -2 - -7.
35
(3 - ((-1 - -5) + 47)) + -28 + (38 - 17)
-55
42 + 18 + (7 - -2) + -14 + 0 + -5
50
What is the value of (-42 - 6 - -4) + (18 - -8) + -20?
-38
Calculate -13 - (-2 + (-48 - -8)).
29
What is the value of 14 + (-19 - (20 - 21)) + 20?
16
Calculate -25 + -13 + (6 - 2 - -7) + -11.
-38
Calculate 623 - 693 - (-4 + 29).
-95
What is the value of (12 - (46 - 2)) + (-21 - -10)?
-43
Evaluate -2 - (-5 - (2 + (-21 - -15) + 80)).
79
What is 41 - (-54 + 2 - -124)?
-31
Calculate 106 - (114 - (-32 - 41)).
-81
Evaluate 4 + 2 - (-17 - (6 - (13 + 0))).
16
What is the value of -82 - (13 - -1 - (179 - 161)) - 0?
-78
Calculate -88 + 58 + 87 + -63.
-6
What is -32 - 158 - -79 - (-3 - 22 - -3)?
-89
What is the value of -39 + -40 + 40 - (12 + (1 - 4))?
-48
(1 - 7) + 2 - (19 - (17 + -33))
-39
Evaluate 40 + 42 + -49 + (1 - 30).
4
What is the value of -42 + -21 - (2 + -8 + -2)?
-55
What is the value of -118 + (23 - 0) + (-191 - -204)?
-82
What is the value of (4720 - 4690) + (36 - -1)?
67
Calculate -41 + (70 - (-44 + (45 - 24))).
52
Calculate 135 + (-77 - 11) + 0 + -6.
41
What is 2512 - 2530 - (1 - 40)?
21
What is -4 + (-7 - 34) - ((-8 - -19) + -6 + -7)?
-43
Evaluate -52 + (97 - (42 - -3)).
0
What is the value of -6 - ((1 - (-4 - 28 - 2)) + -97 + 105)?
-49
What is (7 + 5 - (43 - 40)) + 2 + (-3 - -7)?
15
Calculate 5 - 3 - (-3 + -1) - (223 + -80 + -15).
-122
What is 1 - (-39 + 62 + -38)?
16
What is the value of -2 - -8 - (-59 + 9 + 25)?
31
Calculate (0 - -3 - 55) + -8 + 9 + -18 + 6.
-63
What is the value of 122 - 87 - (18 - -12) - (-46 - -2)?
49
What is 22 - (-1 + 13 - -99)?
-89
Evaluate 103 - (-19 + (8 - -9) - (-4 + -15)).
86
Calculate -94 + 145 + -84 + (1 - 19).
-51
What is the value of -29 + 9 + (183 - 139)?
24
Calculate (-1 - 4) + (100 - 125) - -1.
-29
Calculate (-19 + (70 - 78 - (0 + -10)) - -8) + -33.
-42
(8 - (-7 + -7)) + -4 + -7
11
What is the value of 54 + -17 - 17 - 4?
16
(-2 - 96) + (29 + -23 + -12 - (-16 - 3))
-85
11 - (3 + 43 + -19 + -38)
22
Evaluate 64 + (159 - (-67 + 343)).
-53
What is -14 + (8 - (4 + 2 - 7)) - 4?
-9
Evaluate -24 - (-10 + (-3 - (-9 + 1 + 3)) - -20).
-36
Calculate 27 + (19 - 25) - 17 - -23.
27
3 - (-6 + 6) - (36 + 20 - -10)
-63
What is the value of 0 + -2 + 35 - (41 + -37 + 21 + -29)?
37
5754 + -5768 - (-41 - -1)
26
Evaluate -40 + 84 + -145 + -2 + 32.
-71
What is the value of -35 - 30 - (-44 + 25)?
-46
78 - (10 - -46) - (-3 + 72)
-47
Calculate -7 + 16 - 97 - (-259 + 227).
-56
What is -17 - ((11 - (-5 - -21)) + (11 + 3 - 3))?
-23
What is -23 - -30 - -41 - 7?
41
Evaluate 1 - (150 + 0) - (-319 - -273 - (-23 + -8)).
-134
-20 + 22 + (6 - (0 - -3 - (10 + -19)))
-4
Evaluate -9 + 0 + -12 - -36 - -10.
25
What is the value of (-2 - (2 + 0)) + 125 + (-7 - (-59 + 90))?
83
What is the value of (165 - (5 + 64)) + -30?
66
What is -2 + 5 - 135 - ((2 - -17 - 2) + -27)?
-122
What is the value of 20 + -141 + 96 - (-78 + 1)?
52
Calculate 17 + (-15 + 12 - 16) + 76 + (0 - 5).
69
(-8 - (-3 + 2)) + -4 + 25 + -23
-9
Evaluate 17 + 3 + (59 - 81) + (-48 - -4).
-46
What is the value of -18 - 9 - ((-5 - -13) + 1)?
-36
Evaluate -22 + (10 - (-49 - -4)) + 17.
50
Calculate -55 + 92 + -101 + 13.
-51
Evaluate -7698 - -7758 - (8 - -2).
50
51 + (-4 - (32 - 41))
56
What is the value of 5 + (-6 - (-1 - 6)) + (61 - (8 + 62))?
-3
What is the value of (141 - (42 + (-27 - -18))) + 12 + (-4 - -1)?
117
What is the value of -13 + -1 + (114 - 34) + -68 - (-1 - 23)?
22
What is the value of -1 + (0 - 39) + (2787 - 2779)?
-32
What is the value of (8 - 0 - (-16 - -17)) + 29 + 10?
46
Calculate -161 - -124 - (-19 - 38 - -7).
13
22 + -7 + -34 - -64
45
What is the value of -39 + (-20 + (15 - -11) - -12)?
-21
What is -35 + (-21 - (4 - 15))?
-45
Calculate 44 + -79 + 25 - (-41 + 1).
30
Evaluate (7 - (15 - (-6 - -11))) + (14 - 1 - -42).
52
What is 1 - -138 - (-692 + 908)?
-77
(-28 - (-94 - -8)) + -53
5
Evaluate -33 + -58 + 97 + 15.
21
Calculate -12 - ((-5 - (1 - 18)) + 2 + -9).
-17
Evaluate 10 - 0 - (-15 - (-4 + -11 - (-41 - -48))).
3
What is (98 - 19 - 21) + -40?
18
6 - 50 - (-16 - (-15 - -7))
-36
-182 + 83 - (0 + -19) - (-1 - 14)
-65
(-5 + 12 + -4 - 15) + 9 - 21
-24
Calculate (-429 - -438) + (4 - -4 - -3).
20
What is 0 + 13 - (-289 - -258)?
44
-76 - ((7 - 16) + -43)
-24
Evaluate (-11 + (-5 - -21) - -73) + (6 - 2).
82
Calculate (1 - 37) + (1262 - 1239).
-13
3 + 0 + 8 - (-4 + (-52 - -46))
21
Evaluate (-45 - (-27 + (44 - 52))) + 0 + (1 - -96).
87
What is 7 + -10 - (36 - (-5 - -5))?
-39
(27 - (-2 + 21)) + (4 - 3) + 5 + 14
28
What is (51 + -29 + -20 - (1 + -4 + 0)) + 16?
21
What is the value of -18 - (-79 - -80) - 39?
-58
Evaluate 117 + -16 + -1 + -41.
59
Evaluate 19 + 4 + -6 + (296 - 3